n 58 is divided by h.
13
Suppose -26*v + 32*v = 318. What is the remainder when v is divided by 22?
9
What is the remainder when 5/((-30)/(-657)) - 1/2 is divided by 14?
11
Let o be (-28)/(-6) - (-12)/(-18). Suppose -4*j - 5*x + 104 = -123, 3*j + o*x - 171 = 0. Calculate the remainder when j is divided by 14.
11
Suppose c - 4 = -c. Suppose 8 = 2*m - c. What is the remainder when 9 is divided by m?
4
Let o(x) = -10*x - 21. What is the remainder when 74 is divided by o(-4)?
17
Let q(z) = 3*z + 1. Let p = 50 - 48. What is the remainder when q(3) is divided by p?
0
Let w(p) = 41*p**2 - 2*p - 1. Let r(f) = f - 5. Let t be r(4). Calculate the remainder when w(t) is divided by 15.
12
What is the remainder when 79 is divided by (-2)/(-6)*(-7 - -55)?
15
Calculate the remainder when 41 is divided by (-4)/10 - 1284/(-60).
20
Suppose -4*a + 1 = -11. Suppose 3*m = -a*j + 36, 0 = -3*j + 3 - 0. Let q = 11 + 10. What is the remainder when q is divided by m?
10
Let f = 39 + -19. Suppose 3*h = 97 + 17. What is the remainder when h is divided by f?
18
Suppose -4*q - 3*g = 14 - 66, -4*q - 4*g = -56. What is the remainder when 27 is divided by q?
7
Suppose 11 = 3*n - 13. Suppose -26 = 5*g + 2*r, 0*r = -2*r + 4. Let h = 20 + g. Calculate the remainder when h is divided by n.
6
Suppose 12*b + 126 = 18*b. Calculate the remainder when b is divided by 4/6 - (-32)/6.
3
Let w(v) = -11*v - 37. Let i(h) = 14*h. What is the remainder when i(5) is divided by w(-5)?
16
Let l = -178 - -313. What is the remainder when l is divided by 46?
43
Let p(s) = 3*s + 68. Calculate the remainder when p(20) is divided by 10.
8
Let r(q) = 2*q - 12. Let p be r(9). Suppose c = -2*c + 15, -n = 5*c - 54. What is the remainder when n is divided by (-152)/(-10) + p/(-30)?
14
Suppose -g + 5 = -3*p, 5*p - 3*p + 90 = 5*g. Suppose -4*y = -9*y + 35. Calculate the remainder when -5 + 3 + g - -1 is divided by y.
5
Let b(r) = -4*r - 9. Let u be b(-7). Calculate the remainder when 2 + -2 + 0 + u is divided by 10.
9
Let p = 0 + 7. Let k = -3 + p. What is the remainder when 18 is divided by k?
2
Suppose -416 = 109*z - 113*z. What is the remainder when z is divided by 15?
14
Let f(r) = -7*r - 11. What is the remainder when f(-5) is divided by 10?
4
What is the remainder when 40 is divided by (-2)/(-4) + (-87)/30*-5?
10
Suppose -3*d + 4*r = -24, -3*d = 2*r + r - 3. Suppose d*b + 2*h = 175 - 39, 12 = 3*h. What is the remainder when b is divided by 11?
10
Let j(s) = s**3 + 3*s**2 - 2*s - 1. Calculate the remainder when 61 is divided by j(-2).
5
Let z(f) = 2*f + 1. What is the remainder when 80 is divided by z(13)?
26
Suppose -y - 4*h = -23, 2*h = -y - h + 23. Calculate the remainder when y is divided by 5.
3
Let q(r) = r**3 - 8*r**2 - 8*r - 12. Let w be q(9). Let j(f) = f**2 - 3*f - 1. Calculate the remainder when 31 is divided by j(w).
14
Let l(z) = 45*z**2 + 1. What is the remainder when l(-1) is divided by 13?
7
Let l be (2 - (-11)/(-4))*-4. Suppose -l*r + 125 = 5*u - 0, -4*r + 156 = 4*u. Suppose 0 = -11*g + 30 + 69. Calculate the remainder when r is divided by g.
8
Let s(d) = -d**3 + 13*d**2 - 7*d - 4. Suppose 0 = 2*x + x + 5*o - 31, 4*x - 46 = -2*o. What is the remainder when s(x) is divided by 15?
11
Let w(x) = x - 5. What is the remainder when w(17) is divided by 7?
5
Let z = 19 - 13. Suppose 0*j = -2*j. Suppose 0*r = 3*i - r - 63, 4*r = j. What is the remainder when i is divided by z?
3
Let f = 60 + -52. Let r(v) = v**3 - v**2 - 2*v - 2. Let p be r(3). Suppose -p = -b - b. What is the remainder when f is divided by b?
3
Let u(b) be the second derivative of -b**4/12 - 5*b**3/3 - 5*b**2/2 - 2*b. What is the remainder when 38 is divided by u(-5)?
18
Suppose 5*a - 20 = -0*a. Let b = 9 - a. Suppose 2*n = 4*n - y - 15, -b*y = 5. Calculate the remainder when 20 is divided by n.
6
Suppose 3*h = -3*s + 30, 3*h = 4*h - s - 16. What is the remainder when h is divided by 4?
1
Suppose -8*t = -3*t + 5*x - 95, -28 = -t + 2*x. Calculate the remainder when 84 is divided by t.
18
Let w be 38/8 + (-1)/(-4). Suppose -w*s - q = -3 - 9, 3*q + 15 = 2*s. Let r(m) = 2*m - 4. What is the remainder when r(4) is divided by s?
1
Suppose -2*l + 20 = -0*l. Let g = -21 + 25. Calculate the remainder when l is divided by g.
2
Suppose 51 = 2*j - 15. Let m be 1 + 4 + 0/1. Suppose 3*s - 5*i = 31, -73 = -m*s + 2*i + i. What is the remainder when j is divided by s?
16
Suppose 0*v - 1 = v. Calculate the remainder when 19 is divided by 5/(-4)*(v + -7).
9
Let v(r) = -r**3 - 9*r**2 - r + 2. What is the remainder when 32 is divided by v(-9)?
10
Let k = 113 + -161. Let l = 82 + k. Calculate the remainder when l is divided by 18.
16
Let z = 2 - -1. What is the remainder when 21 is divided by (-1)/((6/z)/(-22))?
10
Suppose 3*p = -4*d + p + 196, -102 = -2*d - 2*p. Suppose 3*y - 3*i = 54, 2*y + 2*i = y + 12. What is the remainder when d is divided by y?
15
Suppose 3*p - 33 = -0*p. Calculate the remainder when p is divided by 7.
4
Let l(g) = -2*g**3 - 2*g**2 - 13*g - 13. Let w(p) = p**3 + p**2 + 6*p + 6. Let d(o) = -4*l(o) - 9*w(o). What is the remainder when d(-3) is divided by 8?
6
Suppose -7*u + 318 = -u. What is the remainder when u is divided by 28?
25
Let j = -72 - -76. Let r = 40 + -29. Calculate the remainder when r is divided by j.
3
Let v(p) = p**2 - 26*p + 40. Calculate the remainder when 52 is divided by v(25).
7
Let x = 86 + 9. What is the remainder when x is divided by 32?
31
Let k(c) = -15*c. Let x be k(-5). Calculate the remainder when 28*(x/(-12))/(-5) is divided by 18.
17
Let b = -2 - -85. What is the remainder when b is divided by 14?
13
Suppose 14 = n - 2. Suppose k - n = 25. Calculate the remainder when k is divided by 14.
13
Let i = -183 - -317. What is the remainder when i is divided by 45?
44
Let m = 7 - 5. Suppose 12 = d - 2*x, -4*x - 7 = 9. What is the remainder when m/1*5/2 is divided by d?
1
Let b = 12 + 15. Let t = b + -4. Let l = -10 - -18. Calculate the remainder when t is divided by l.
7
What is the remainder when 4/18 - 4194/(-81) is divided by 27?
25
Let s(r) = -3*r + 4. Let c(k) = k - 1. Let q(v) = -7*c(v) - 2*s(v). Let m be q(-1). Let u(z) = z + 32. Calculate the remainder when u(m) is divided by 17.
15
Suppose -5*m - 3*h + 11 = -40, -h - 3 = 0. What is the remainder when m is divided by 15 + -7 - (-8)/4*-2?
0
Suppose -17 = 5*p + 3. Let o be (-74)/p - 1/2. Calculate the remainder when o/4 + (-2)/(-4) is divided by 2.
1
Let b(i) = -6*i + 4. Let o(r) = 3*r**2 - 6. Let x be o(-3). Suppose c + k = x - 2, c - 14 = 4*k. What is the remainder when b(-5) is divided by c?
16
Let t = -65 + 78. What is the remainder when t is divided by 5?
3
Let q = 55 - -213. Calculate the remainder when q is divided by 45.
43
Let f = 45 - 31. Let y = 5 - 2. Suppose y - 13 = -2*o. What is the remainder when f is divided by o?
4
Let x(k) = 11*k - 29. Let n(s) = -5*s + 14. Let t(o) = 13*n(o) + 6*x(o). Calculate the remainder when 59 is divided by t(7).
14
Suppose 5*w = -0*w + 20. What is the remainder when 19 is divided by w?
3
Let b be -3*(2 - (-11)/(-3)). Let m(i) = -i - 1. Let h(c) = -2*c. Let o(j) = -2*h(j) + 3*m(j). Calculate the remainder when o(b) is divided by 1.
0
Let f(y) = -2*y - 4. Let z be f(-3). Let r(p) = -z + 0 - 2 + p. Calculate the remainder when 10 is divided by r(8).
2
Let o = 173 + -159. Suppose 0 = -0*i + i - 25. What is the remainder when i is divided by o?
11
Suppose 0 = b - 5*f - 11, -4*b - 2*f - 2 = 20. Let d(s) = -s + 17. What is the remainder when d(6) is divided by (2 - b)*1 + 0?
5
Suppose -5*a - 4*x + 19 = -8, -5*x = a + 3. What is the remainder when 48 is divided by a?
6
Let j(a) = -2*a + 22. Let z(q) = -q + 11. Let b(p) = 6*j(p) - 11*z(p). What is the remainder when 10 is divided by b(8)?
1
Suppose 0 = 5*j - 2*w - 1813, 2*w = 5*j - w - 1812. Suppose 7*s - 2*s = 2*t + j, -2*t + 2 = 0. Let x = s - 50. Calculate the remainder when x is divided by 8.
7
Let o = 7 + 9. Calculate the remainder when 47 is divided by o.
15
Let g(c) = c**2 - 4*c - 12. Suppose 4*v - 2*f - 43 = -5*f, 4*v - f - 23 = 0. Calculate the remainder when (-1)/((2/(-33))/2) is divided by g(v).
6
Let a = 8 - 6. Suppose -3*c = 5*z - 0*c - 21, -a*z - 2*c = -10. Calculate the remainder when 7 is divided by z.
1
Let x = -23 + 25. Calculate the remaind